= 0. Calculate the highest common divisor of d and 4.
4
Suppose -6*i + 448 = -200. Suppose 129*c = 132*c - i. Calculate the greatest common factor of 144 and c.
36
Suppose -5*n + 3*c = -9 - 47, -30 = -2*n + 5*c. Let r = n + 30. What is the highest common factor of 16 and r?
8
Suppose -j - 3*z = -1061, 0 = -5*j + 9*j + 3*z - 4253. Calculate the highest common divisor of 28 and j.
28
Let b be (-14)/(-7) - 7 - -42. What is the highest common factor of 3 and b?
1
Suppose 3*h - 264 = -2*x, -26*h - 6 = -29*h. What is the highest common factor of 215 and x?
43
Suppose -4578 = -63*v + 903. Calculate the greatest common factor of v and 203.
29
Let b(c) = -c**3 - 9*c**2. Let n be b(-9). Suppose -4*q + n*q = -2*m + 92, -2*q - 22 = 5*m. Let s = -18 - q. Calculate the highest common factor of 1 and s.
1
Suppose 2*m - 5*m - 36 = -4*h, -2*m + 3*h = 25. Let j = 40 + m. Suppose -5*a + j = -133. Calculate the greatest common factor of 3 and a.
3
Suppose -4*i = 13 - 37. Let u be (-390)/(-117)*(i - 0/1). What is the greatest common divisor of 100 and u?
20
Let w be 23/5 - 2/(-5). Suppose -361*x - 14 = -363*x + 26. Calculate the greatest common factor of w and x.
5
Suppose -15*i + 11896 = 556. Calculate the greatest common divisor of i and 28.
28
Let n(s) = -s**2 + 11*s - 10. Let v be n(9). What is the greatest common divisor of 488 and v?
8
Let f = -58 + 66. Let k(j) = -3*j**3 + 2*j**2 - 1. Let w be k(-1). Suppose w*g = 4*y, -4*y = -g - g - 4. Calculate the greatest common factor of y and f.
2
Let x be -3 - (-3 - 1 - -1). Let w be 4 - (x - (-1 - 9)). Let g be w/15 + 667/5. Calculate the highest common factor of 19 and g.
19
Let b(i) = -i + 1. Let n be b(5). Let k(r) = r**2 + 4*r - 7. Let c be k(-6). Let j = c + n. What is the highest common factor of 5 and j?
1
Let a = -6 + 14. Let h(r) = -52*r - 103. Let f be h(-2). What is the highest common factor of f and a?
1
Suppose 4*k + 2*i = 34, 3*k - 14 = 4*k + 5*i. Suppose b + 2 - 3 = 0. Calculate the highest common divisor of k and b.
1
Suppose p = 6*p - 45. Suppose -15 + p = -3*c. Suppose 0 = -0*x - x + 3*s + 25, -s + 85 = c*x. What is the highest common divisor of 100 and x?
20
Let o(x) = 65*x - 247. Let l be o(20). What is the greatest common divisor of l and 162?
81
Let u = 559 + -540. Calculate the greatest common divisor of u and 1.
1
Let k(x) = x**3 + 5*x**2 - 7*x - 5. Let j be k(-5). Let y be 12 - (0 + 0 + 0). What is the greatest common divisor of j and y?
6
Suppose -2*y = 2*z - 7*z - 21, 3*y - 19 = -5*z. Suppose 1 = -5*x + 6*x. Let q = x - -19. Calculate the highest common divisor of q and y.
4
Suppose -3*y + 58 - 40 = 0. Calculate the highest common factor of 756 and y.
6
Suppose 13*a - 8*a - 70 = -s, -12 = a - 5*s. What is the greatest common factor of a and 2366?
13
Let q(r) = 2*r + 44. Let n be q(20). What is the greatest common factor of 44 and n?
4
Let n be -1 + ((-2)/1)/(-2). Suppose n = -4*d + 3*d + 1. Let y be d + -1 + (3 - 2). What is the highest common factor of 5 and y?
1
Suppose 19*s + 2*z - 240 = 15*s, 0 = -3*z - 12. Calculate the greatest common divisor of 2 and s.
2
Let t = 35 + -7. Suppose -5*x + x - t = 0. Let u(q) = q**3 + 6*q**2 - 8*q - 6. Let w be u(x). Calculate the greatest common divisor of 4 and w.
1
Suppose -s + 5*b + 36 = 0, 0 = s + 2*b + b - 68. Suppose 0 = 5*u - 3*u - s. Calculate the greatest common divisor of u and 14.
14
Suppose 4*w + h = 42, 6*h = -5*w + 7*h + 48. Calculate the greatest common divisor of 50 and w.
10
Suppose 0 = -3*s - 5*r + 64, 0 = s - r + 6 - 22. Suppose s = 4*l - 6. What is the greatest common factor of 48 and l?
6
Let o be ((-49)/(-28))/((-1)/(-4)). Suppose o = -2*r - 1. Let y be (-720)/(-28) + r/(-14). What is the greatest common factor of y and 13?
13
Let k be (-12)/(-3) - (-1 + 3). Suppose 0 = 4*z + 2*s - 832, -z + 134 = -k*s - 79. Calculate the highest common divisor of z and 19.
19
Let h be 183744/360 - 6/15. What is the greatest common divisor of h and 714?
102
Let p(o) = -o**2 + 11*o + 12. Let k be p(12). Suppose k = s - 3*s + 180. What is the highest common divisor of s and 36?
18
Let n(g) = -154*g - 1. Let f be n(-1). Let u = 24 - 19. Suppose 4*l - 1 = -13, u*q = -2*l + 79. Calculate the highest common divisor of q and f.
17
Suppose 0 = 14*g - 81 - 367. What is the greatest common divisor of 288 and g?
32
Let h = 261 + -258. What is the greatest common factor of 31 and h?
1
Let z = 37 + -22. Suppose 2*m = 7*m. Suppose 0*t + 5*t - 525 = m. What is the highest common divisor of t and z?
15
Suppose 3*o = -47 + 263. What is the greatest common divisor of 90 and o?
18
Suppose -4*l - l + 350 = 0. What is the highest common factor of l and 90?
10
Suppose 0 = 5*y - 4*o - 218, -2*y - 2*y - 2*o + 190 = 0. Suppose 4*h - 3*h = 3*d + 21, 2*h = 2*d + y. What is the greatest common factor of 72 and h?
24
Let y be 89629/141 + 4/3. Calculate the greatest common factor of 182 and y.
91
Let r = -8 - -22. Let j = r - -26. Calculate the greatest common divisor of 16 and j.
8
Let d be ((-12)/10)/((-22)/(-330)). Let s = d - -31. What is the highest common divisor of s and 13?
13
Let j = -36 + 29. Let o be ((-77)/j)/((-1)/(-31)). Calculate the greatest common divisor of o and 31.
31
Suppose 6*n + 63 = 261. Calculate the highest common factor of n and 1947.
33
Suppose 0 = -o - 2*o + 36. Let r = -444 + 276. Let q be (r/(-10))/((-3)/(-15)). What is the greatest common divisor of q and o?
12
Let t be (10/(-4) + 4)/(2/816). Calculate the highest common divisor of 36 and t.
36
Let a(o) = 17*o - 46. Let r be a(3). What is the greatest common divisor of r and 12?
1
Let w(k) = 6*k**2 - 2*k - 5. Let x be w(-4). Suppose -x = 13*i - 333. What is the greatest common factor of 24 and i?
6
Let s(r) = 2*r**3 - 3*r**2 + 1. Let d be s(3). Let h(b) = b**3 + 7*b**2 + 4*b - 8. Let o be h(-6). Calculate the highest common factor of d and o.
4
Let b(f) = -4*f**3 + 3*f + 2. Let x be b(-2). Calculate the highest common divisor of 175 and x.
7
Let g be (2/4)/(13/(-78)). Let r be g + 14 + 6/2. What is the highest common factor of 126 and r?
14
Suppose -4*a + 12 = 2*z + 2, -5*z = 2*a + 15. Let u(q) = 3*q - 5. Let m be u(a). Calculate the highest common divisor of 20 and m.
10
Let q be (85/(-5))/(0/(-5) - 1). Calculate the greatest common divisor of q and 17.
17
Let q = 8 - 31. Let i = 53 + q. What is the greatest common divisor of i and 45?
15
Let u = -152 - -155. Let k(y) = 2*y**3 - 4*y**2 + 4*y - 4. Let j be k(u). Calculate the highest common divisor of j and 65.
13
Let t = 46 + 224. Calculate the greatest common factor of t and 162.
54
Let c be (-4)/(-6) - (-32)/6. Let w = 518 + -482. What is the highest common factor of c and w?
6
Let y be (-4)/(-20)*8 + (-4)/(-10). Let i be (-4 - -3) + 9/(y + 1). Calculate the highest common divisor of i and 16.
2
Let b = -2002 + 2198. What is the highest common factor of b and 4?
4
Let z(u) = 2*u**2 + 38*u + 63. Let p be z(-18). What is the highest common divisor of 729 and p?
27
Suppose 5*h - 6*i - 315 = -8*i, -h - 2*i = -63. Calculate the greatest common divisor of h and 54.
9
Suppose -17*f + 22813 = 5677. Calculate the highest common factor of f and 189.
63
Suppose 0 = -4*a - 5*q - 36, 0 = 5*q + 20. Let x be 2*2*7/a. Let b be x/(-21) + 204/9. Calculate the greatest common factor of 23 and b.
23
Suppose 3*s + 2523 = 5*i, 3*i + 3*s - 1005 = i. What is the highest common divisor of i and 56?
56
Let f = -302 - -334. What is the highest common divisor of f and 2?
2
Suppose -534 = -4*w - s, -3*w - 3*s + 421 = 25. Calculate the greatest common divisor of 335 and w.
67
Suppose 4*g + 2*r - 488 = 0, g + 4*r - 132 = r. Calculate the greatest common factor of 15 and g.
15
Suppose -13*s = -47*s + 1428. What is the highest common factor of s and 154?
14
Let p = -27 - -29. Suppose 3*n - p*n = -u + 14, 2*u - 5*n - 14 = 0. What is the highest common factor of 132 and u?
12
Suppose -2*p - 70 = y - 3*y, -3*y + 135 = 3*p. Calculate the highest common divisor of y and 90.
10
Let c = 1010 - 994. Let u(j) = -45*j - 4. Let o be u(-4). Calculate the highest common divisor of o and c.
16
Suppose 5*z + 17 + 13 = 0. Suppose 0 = -5*m + 5*l - 99 + 39, m + 27 = -4*l. Let f be (-310)/m - (-4)/z. Calculate the highest common divisor of 220 and f.
20
Let g(h) = 2*h**2 - 8. Let r(n) =